{"id":24,"date":"2013-07-01T15:14:31","date_gmt":"2013-07-01T13:14:31","guid":{"rendered":"http:\/\/www.feuerfuchs-brandschutz.de\/?page_id=24"},"modified":"2022-09-12T10:03:41","modified_gmt":"2022-09-12T08:03:41","slug":"impressum","status":"publish","type":"page","link":"https:\/\/www.feuerfuchs-brandschutz.de\/?page_id=24","title":{"rendered":"Impressum"},"content":{"rendered":"<p>Feuerfuchs Brandschutz GmbH<br \/>\nAm Schornacker 57<br \/>\n46485 Wesel<\/p>\n<p>Tel.: \u00a0+49 281 2068618-0<br \/>\nFax.: +49 281 2068618-55<br \/>\nE-Mail: info@feuerfuchs-brandschutz.de<br \/>\nWebsite: www.feuerfuchs-brandschutz.de<br \/>\nRegistergericht: Amtsgericht Duisburg<br \/>\nHRB-Nummer: HRB 25217<br \/>\nUmsatzsteueridentifikationsnummer: DE287314517<\/p>\n<p>Gesch\u00e4ftsf\u00fchrer: Wolfgang Knipping, Michael R\u00fchl<\/p>\n<p>Haftungshinweis:\u00a0Trotz sorgf\u00e4ltiger inhaltlicher Kontrolle \u00fcbernehmen wir keine Haftung f\u00fcr die Inhalte externer Links. F\u00fcr den Inhalt der verlinkten Seiten sind ausschlie\u00dflich deren Betreiber verantwortlich.<\/p>\n","protected":false},"excerpt":{"rendered":"<p>Feuerfuchs Brandschutz GmbH Am Schornacker 57 46485 Wesel Tel.: \u00a0+49 281 2068618-0 Fax.: +49 281 2068618-55 E-Mail: info@feuerfuchs-brandschutz.de Website: www.feuerfuchs-brandschutz.de Registergericht: Amtsgericht Duisburg HRB-Nummer: HRB 25217 Umsatzsteueridentifikationsnummer: DE287314517 Gesch\u00e4ftsf\u00fchrer: Wolfgang Knipping, Michael R\u00fchl Haftungshinweis:\u00a0Trotz sorgf\u00e4ltiger inhaltlicher Kontrolle \u00fcbernehmen wir keine &hellip; <a href=\"https:\/\/www.feuerfuchs-brandschutz.de\/?page_id=24\">Weiterlesen <span class=\"meta-nav\">&rarr;<\/span><\/a><\/p>\n","protected":false},"author":1,"featured_media":0,"parent":0,"menu_order":0,"comment_status":"closed","ping_status":"closed","template":"","meta":[],"_links":{"self":[{"href":"https:\/\/www.feuerfuchs-brandschutz.de\/index.php?rest_route=\/wp\/v2\/pages\/24"}],"collection":[{"href":"https:\/\/www.feuerfuchs-brandschutz.de\/index.php?rest_route=\/wp\/v2\/pages"}],"about":[{"href":"https:\/\/www.feuerfuchs-brandschutz.de\/index.php?rest_route=\/wp\/v2\/types\/page"}],"author":[{"embeddable":true,"href":"https:\/\/www.feuerfuchs-brandschutz.de\/index.php?rest_route=\/wp\/v2\/users\/1"}],"replies":[{"embeddable":true,"href":"https:\/\/www.feuerfuchs-brandschutz.de\/index.php?rest_route=%2Fwp%2Fv2%2Fcomments&post=24"}],"version-history":[{"count":8,"href":"https:\/\/www.feuerfuchs-brandschutz.de\/index.php?rest_route=\/wp\/v2\/pages\/24\/revisions"}],"predecessor-version":[{"id":106,"href":"https:\/\/www.feuerfuchs-brandschutz.de\/index.php?rest_route=\/wp\/v2\/pages\/24\/revisions\/106"}],"wp:attachment":[{"href":"https:\/\/www.feuerfuchs-brandschutz.de\/index.php?rest_route=%2Fwp%2Fv2%2Fmedia&parent=24"}],"curies":[{"name":"wp","href":"https:\/\/api.w.org\/{rel}","templated":true}]}}